0/(-9).
2, 5, 11, 19
List the prime factors of (-25135)/(-4)*5/(15/12).
5, 11, 457
Let b = 353 + -651. Let n = -12 - b. What are the prime factors of n?
2, 11, 13
Suppose 929901 = 87*n - 2*n - 1178099. What are the prime factors of n?
2, 5, 31
Let g(i) = -i**3 + 6*i**2 + 5. Suppose 0 = -3*y + 74 - 242. Let t = -50 - y. What are the prime factors of g(t)?
5
Suppose -j - 2*v - 94 = 0, 2*v - 86 = -8*j + 9*j. Let x = 316 + j. What are the prime factors of x?
2, 113
Let q(h) = h**2 - 1. Let r(v) = -v**2 - 6*v + 27. Let c(o) = 2*q(o) + r(o). Let m be (-96)/(-12) - (-1 - 0). List the prime factors of c(m).
2, 13
Let n(a) = -6*a + 15. Let b(o) = -13*o + 31. Let l(v) = -2*b(v) + 5*n(v). Let p be l(6). List the prime factors of (-702)/p - 2/(-11).
2
Suppose -1794 = -31*o + 29*o. Suppose -2*r + 901 = -k + 6*k, k = -2*r + o. What are the prime factors of r?
2, 7
Let k(u) = 6*u**2 - 29*u + 36. What are the prime factors of k(15)?
3, 317
Let k = 79 - 40. Let c = -416 - -412. List the prime factors of k*c/(-12)*6.
2, 3, 13
Suppose -12 = 4*p, 2*p = 3*v + 152 - 23. List the prime factors of 5*(-13014)/v - (0 + 2).
2, 19
List the prime factors of (3457 + 0 - 1) + 606/(-101).
2, 3, 5, 23
Let j(c) = -c**3 - 5*c**2 - 106*c - 24. List the prime factors of j(-21).
2, 3, 1543
Let u be 6/(-2)*((-4653)/(-27) - 1). Let v = -200 - u. What are the prime factors of v?
2, 157
Suppose 500 = 5*f - 5*d, -f - 2*d + 93 = -1. Suppose -12 = -3*h - 3*j, 0 = -7*h + 8*h - j + 4. Suppose -p + h*p = -f. What are the prime factors of p?
2, 7
Let u be 5 - 5 - -4 - (-10837 + -1). Suppose 4*s - 6710 - u = 0. What are the prime factors of (s/14)/2 + 46/161?
157
Suppose 0 = 56*n - 55*n - 5. Suppose 778 = 3*w - 27*z + 32*z, n*w - 1326 = -z. List the prime factors of w.
2, 7, 19
Suppose 4*i = -3*s + 10885, 3*i - 3*s = -0*i + 8190. Let o = -1792 + i. What are the prime factors of o?
3, 311
Suppose 10 = -2*z - 13*f + 9*f, -1 = 5*z + 4*f. Suppose 4452 = 3*y - z*a, a + 509 = 3*y - 3945. What are the prime factors of y?
3, 5, 11
List the prime factors of 226479/8 + (-12)/(-672)*7 + 0.
2, 5, 19, 149
Suppose 19*b - 24*b - 1945 = 0. Let g = -1164 - b. What are the prime factors of 13/(-78) + 2 + g/(-6)?
131
Suppose 2*q - 40212 = -5*i, -q = -8*i + 6*i + 16074. What are the prime factors of i?
2, 3, 5, 67
Let n(b) = -16 + 39 + 4*b + 39*b - 6*b + 123. What are the prime factors of n(20)?
2, 443
Let z = 1695 - 1694. Suppose 3*d - 8*d = -15. What are the prime factors of z + d + 4 + 38?
2, 23
Let s be 2/(-8) + (-4)/(80/(-4145)). Suppose 417 + s = 2*q. What are the prime factors of q?
2, 3, 13
Suppose -12*m = -9059 - 31057. List the prime factors of m.
3343
Suppose -m = 4*k + 114, 2*m - k - 287 = 5*m. Let b = 50 + m. Let t = b - -204. What are the prime factors of t?
2, 5
Suppose 5*t = 4*n - 216, -4*t - 3*n - 179 = -0*n. Let g be (-4 - 3/(-4))*t. Suppose 2*r + 3*r - g = 3*c, -4*c + 52 = 2*r. What are the prime factors of r?
2, 7
Suppose 672 = -8*k + 12*k. Suppose 10*n + k = 4*n. List the prime factors of (-2192)/n - 2/7.
2, 3, 13
Let w = 14034 + 683. What are the prime factors of w?
14717
What are the prime factors of (1582173/187 - (-10)/55)/(4/36)?
3, 8461
Let p(a) be the first derivative of -a**4/4 - 14*a**3/3 - 13*a**2/2 + 14*a - 30. Let v be p(-14). Suppose -4*z = -356 - v. What are the prime factors of z?
2, 3, 23
Let q be (8/4 - 0) + 5. Let u be (q + -6)/(((-3)/69)/1). Let d = 103 + u. What are the prime factors of d?
2, 5
Suppose 40*p - 1042777 = -29*p + 1271966. What are the prime factors of p?
33547
Suppose 12*l - 71 = 61. List the prime factors of (-2 + (l - 6))*29.
3, 29
What are the prime factors of (9 + -14)/(10/(-7202))?
13, 277
Let t(o) = -13 + 9*o + 8 - 25 - 7. Let u be t(-11). Let d = u + 376. List the prime factors of d.
2, 3, 5
Let c be 2/1*22380/40. Let i = -556 + c. List the prime factors of i.
563
Let b(f) be the third derivative of f**5/5 - 5*f**4/6 + 13*f**3/6 + 9*f**2 + f. List the prime factors of b(5).
3, 71
Let c be 1/(-3) + 14/(-3). Let p(t) = 19*t**2 - 20*t + 10. Let u(b) = 4*b**2 - 3*b. Let n(k) = -p(k) + 6*u(k). List the prime factors of n(c).
3, 5, 7
Let g = -21659 + 25929. List the prime factors of g.
2, 5, 7, 61
Let w(s) = s**2 - 100*s + 40. Let u(r) = -r**2 + 97*r - 40. Let o(t) = 5*u(t) + 4*w(t). List the prime factors of o(50).
2, 3, 5, 19
What are the prime factors of 891444/22 - ((-32)/11)/(-16)?
2, 5, 1013
Let s(f) = 89*f + 209. Let v be s(36). Suppose 5*c - v = 1467. What are the prime factors of c?
2, 61
Let t(m) = -488*m + 2735. What are the prime factors of t(-24)?
14447
Suppose 19*k - 4*z = 18*k - 22, 3*k = -3*z - 81. Let m be 2/(-8) + (-1268)/(-16). Let v = k + m. What are the prime factors of v?
53
Suppose 0 = -s - 4*v + 58953, 712519 - 181756 = 9*s + 5*v. What are the prime factors of s?
3, 6553
Suppose -155 = 4*c + 41. Let o = 49 + c. Suppose -w + 91 = -o*m - 4*m, 4*w - m - 439 = 0. List the prime factors of w.
3, 37
Let q(g) = 4*g - 28. Let i be q(8). Suppose -1364 = i*a - 312. Let h = -181 - a. List the prime factors of h.
2, 41
Suppose -11*j - 15 + 48 = 0. Suppose 0 = -j*z + 140 - 50. Suppose -z = -c + 62. What are the prime factors of c?
2, 23
Let x(t) = -453*t - 149. Let v(y) = 680*y + 222. Let u(a) = -5*v(a) - 7*x(a). What are the prime factors of u(-3)?
2, 5, 31
Suppose -29*z = 46*z + 12102 - 189102. What are the prime factors of z?
2, 5, 59
Suppose 4*b = 2*n + 14, -3*n = 2*n - 3*b. Suppose -194 + 49 = -29*m. Suppose 5*c - 355 = -m*w, 5*c + 266 = -n*w + 7*w. List the prime factors of w.
3, 23
List the prime factors of 26/8 + (-28637645)/(-460).
3, 20753
Suppose 2*z = 2*s + 2122, z = -4*z - 3*s + 5265. Suppose -186*n = -182*n - z. What are the prime factors of n?
2, 3, 11
Let j = 1778 + 149. Suppose 3*m - j = -5*l, -381 = -l - 4*m - m. What are the prime factors of l?
2, 193
Let r = 5502 - -1995. List the prime factors of r.
3, 7, 17
Let u be (6/15 - (3 + -2))*-5. Suppose -1 + 12 = u*g - 4*d, -3*d = -3*g + 12. List the prime factors of 4 + 11 + -5 + g.
3, 5
Let f be (-2)/(-3)*(-2 - 13). List the prime factors of 5/30*(f - -2704).
449
Suppose -140 = -3*m + 706. Let d = -109 + m. List the prime factors of d.
173
Let h(n) be the first derivative of n**4/4 - 10*n**3/3 + 2*n**2 - 15*n - 1. Let c be (250 - 283)*2/(-6). What are the prime factors of h(c)?
2, 3, 5
Let t(a) = -135*a - 21. Let l = 374 - 382. List the prime factors of t(l).
3, 353
Suppose 0 = -3*d - 1 + 13. Suppose -5*p + 5*s + 2745 = 0, -d*p + 2*s + s = -2192. Suppose 3*g + 2*g = p. List the prime factors of g.
109
Suppose -5*d - 4*q = -6, -2*d - 3*q - 2 = -3. Suppose -6 = -3*f, -d*l - 3*f + 234 = -0*f. List the prime factors of l.
2, 3, 19
Let l(h) = 2*h**3 + 14*h**2 + 10*h + 12. Let z = -196 + 191. What are the prime factors of l(z)?
2, 31
Let r be (-216)/8*118/(-3). Let p = 1570 - r. List the prime factors of p.
2, 127
Let b = 822 - -101. What are the prime factors of b?
13, 71
Suppose 0 = 20*b - 25*b + 165. Let g(i) = -48 + 3*i**2 + 25 + 10*i - i**3 + 0*i + b. What are the prime factors of g(5)?
2, 5
Let x be 0/((-18)/15*5). Let j(t) be the second derivative of -5*t**3/6 + 97*t**2/2 - 2*t. List the prime factors of j(x).
97
Suppose -5*p - 25 = -55. Let a be p/2 - (-1)/(-1). Let n(v) = 11*v**2 + 7*v - 2. What are the prime factors of n(a)?
2, 7
Let o be (-1 + 5 + (-1)/(-1))/1. Suppose -o*q + 214 = -316. Suppose 5*m - 429 - q = -5*a, -2*m = a - 212. List the prime factors of m.
3, 5, 7
Let r(u) = u**3 + 8*u**2 - 10*u - 3. Let d be r(-9). Let f(g) = 1 - 7 - d + 6*g. What are the prime factors of f(8)?
2, 3
List the prime factors of (143/78*2683)/(7/42).
11, 2683
Let t = -29 + 27. Let n be 1*t + (18 - 10). Suppose 4*x - 148 = 2*l, 5*l - n = x - 34. What are the prime factors of x?
2, 19
Let c(w) be the first derivative of w**3/3 - 6*w**2 - 17*w - 21. Let z be c(-15). Suppose z + 128 = 12*n. What are the prime factors of n?
43
Suppose -5*f + 0*f + 1010 = 0. Let j(t) = 2*t + 20. Let d be j(-10). Suppose -4*u + o + f = d, u + 4*o = 65 - 6. What are the prime factors of u?
3, 17
Let n(y) = -835*y - 16. Let m be n(-1). Suppose h = -3*f - m + 2437, 5*f = -5*h + 2680. What are the prime factors of f?
541
Suppose -257*j - 2*j = 290*j - 9010737. List the prime factors of j.
3, 5471
Let x be (-2)/6 